reatest common divisor of 7 and t.
7
Suppose 5*j + 4*u - 13 = 0, -3*j + 0*j + 4*u - 5 = 0. Let v be (-2 + 3)/(j/3). Calculate the highest common divisor of 24 and v.
3
Suppose -4*s = -7*s + 84. Let f = s + -18. What is the greatest common divisor of f and 90?
10
Let n(p) = p - 7. Let i(z) = 2 - 1 + 3 + 3 - z. Let w(a) = 5*i(a) + 4*n(a). Let y be w(-6). Calculate the highest common divisor of 39 and y.
13
Suppose -2*t + 518 = 5*q, 0 = -q - 2*t - 21 + 123. Suppose -f = f - 26. Calculate the highest common factor of q and f.
13
Let t = 6 - 2. Suppose -40 = -5*a - 3*g - 2*g, 0 = -4*a + g + 12. Calculate the highest common divisor of t and a.
4
Suppose 5*a + 24 = -2*c, 26 = -4*a - 0*a - 5*c. Let x be 3/a*(1 - 49). Calculate the highest common factor of x and 4.
4
Let y = 52 - 43. Let g = 22 - 13. Calculate the greatest common divisor of y and g.
9
Suppose 3*c + c - 16 = 0. Suppose -c*x + 9 = -15. What is the highest common divisor of 18 and x?
6
Suppose 16 = s - 0*s. Calculate the greatest common factor of 112 and s.
16
Let a = 261 + -163. What is the highest common factor of a and 14?
14
Let n(w) = -w**2 - 3*w + 2. Let x be n(-3). Suppose x*p - 33 = 31. What is the highest common divisor of 4 and p?
4
Let z(i) = -i**2 - 10*i - 2. Let c be z(-9). Let m(h) = h**2 - 4*h - 3. Let v be m(c). What is the highest common factor of 36 and v?
18
Let y = -20 + 11. Let a(d) = -d - 8. Let f be a(y). Let t be 2/(-4)*(-8 + 2). What is the highest common divisor of f and t?
1
Let g(q) = q**3 - 3*q**2 + 3. Let o be g(3). Suppose 30 = r + o. Let j = 1 + r. Calculate the greatest common factor of 14 and j.
14
Let g(f) = -104*f. Let u be 42/(-8) + (-1)/(-4). Let a be g(u). Suppose 5*b - a = -0*b. What is the highest common divisor of 13 and b?
13
Suppose -6*k = -3*k - 9. Calculate the greatest common factor of 12 and k.
3
Suppose 4*j - 20 = 4. Let t be 26 + 1 + 0/j. Suppose -3 + t = 3*a. What is the greatest common factor of a and 88?
8
Suppose -22 = -3*n + 5*h, 6*h + 20 = 2*h. Let s(d) = -11*d + 1. Let z be s(n). What is the highest common divisor of 48 and z?
12
Let k(s) = -s**2 - 5*s - 1. Let h be k(-6). Let z = h - -20. Calculate the greatest common divisor of z and 143.
13
Let l be 64/(-6)*(-30)/4. Let o = l + -52. Calculate the greatest common divisor of o and 4.
4
Suppose -5*q - 134 = -2*c, c + 3*q - 70 = 4*q. Calculate the highest common factor of 12 and c.
12
Suppose -6*y - 18 = -9*y. Suppose y*k - 2 = 4*k. What is the greatest common factor of k and 2?
1
Let g = 7 - 7. Suppose -4*d + 3*x + 610 = g, d - 4*x = 3*d - 316. What is the greatest common factor of d and 22?
22
Let p be 24/18*-9*10/(-4). Let s = -6 - -9. Calculate the greatest common divisor of p and s.
3
Suppose -m = 2*m + 15. Let j = m + 15. What is the greatest common divisor of 40 and j?
10
Let b(g) = -g**3 - 9*g**2 + 5*g + 4. Let h be b(-10). Calculate the greatest common divisor of h and 6.
6
Let n be -1 + 6/3 + 4. Suppose -3*a - y = -10 - 3, n*a - y - 19 = 0. Calculate the highest common divisor of 20 and a.
4
Suppose 5*u - 50 = -5*z, -z - 3*u = -6 - 14. Suppose -z*m - 28 = -8. Let x be 66/9*(-6)/m. What is the greatest common divisor of x and 55?
11
Let s = 13 + -6. Suppose 4*f = 3*v + s, 2*v = -0*f + 5*f + 7. Let m be 2/v + 20/9. What is the highest common factor of m and 2?
2
Let u = -1 + 2. Suppose -2*t + 0*g = 3*g - u, 6 = -2*g. Let p = 8 + t. Calculate the highest common factor of p and 13.
13
Let t(m) = m - 2. Let s be t(7). Let u be -4 - (3 + -6 + -26). Calculate the greatest common factor of s and u.
5
Suppose 2 + 7 = 3*r. Let d = -2 + r. Suppose 8*l - 136 = 3*l - b, b = d. What is the greatest common factor of l and 3?
3
Let d = 15 + -11. Suppose -2*g = -3*g + 3*x + 123, -d*g = x - 466. What is the greatest common divisor of g and 13?
13
Let d = 117 + -106. What is the highest common factor of 187 and d?
11
Let a = -165 + 176. Suppose y = -3*y - 12, -m - y + 118 = 0. What is the greatest common factor of m and a?
11
Suppose -4 = m - 2. Let c be 0/m - (-5 - 21). What is the greatest common factor of 13 and c?
13
Let a(r) = 2*r**2 + 5*r + 2. Let l be a(-3). Suppose h - l*f = 2, 3*h - 6 = 2*f - f. Let n be (-22)/(-1) - 4/h. Calculate the highest common divisor of 4 and n.
4
Suppose 0*m - 4*m + 14 = 2*l, 4*m + 11 = 3*l. Let s be (10/(-4))/((-2)/36). Calculate the highest common factor of l and s.
5
Let b(w) = -w**2 - 17*w - 4. Let v be b(-13). Suppose -5*f + 363 + 237 = 0. Calculate the greatest common factor of f and v.
24
Suppose 5*g + 9 = 59. What is the greatest common divisor of 60 and g?
10
Suppose q = -4*n + 20, 12 = q + 3*n - n. Let s(h) = h + 2. Let v be s(7). Let g = v + q. What is the greatest common divisor of 143 and g?
13
Let l(i) = -i**2 + 3*i + 1. Let o be l(3). Let n be 2 - (-1 + 1) - 0. Let g be 1/n*(-6)/(-3). What is the greatest common factor of g and o?
1
Let q(b) = -b**3 + 3*b**2 + 4. Let d be q(3). Suppose -2 = d*g - 66. Calculate the highest common factor of 2 and g.
2
Let i be (-3)/((2/(-10))/1). What is the greatest common divisor of 15 and i?
15
Let h be ((-39)/(-4))/((-15)/(-20)) + 0. Let t(l) = -2*l**3 - 2*l**2 - 2*l - 3. Let o be t(-3). What is the greatest common divisor of h and o?
13
Let r be (-6)/(-24) + 715/4. Suppose -3*x = -r - 85. What is the greatest common factor of x and 11?
11
Let r(m) = -2*m + 1. Suppose -4 = -4*q + 5*w + 10, 4*q + 4*w = -4. Let d be r(q). Let g be d/(2/18*-1). What is the highest common divisor of 9 and g?
9
Let a be 0*1/4 - -20. Let x = 21 - a. What is the greatest common factor of x and 1?
1
Suppose -4*h = -3 - 21. Let p be h/27 - (-212)/18. Calculate the highest common divisor of 132 and p.
12
Suppose -2*r = -4*r - 4. Let c = 0 - 2. Let m be (-5)/((-1)/c*r). What is the highest common factor of 55 and m?
5
Let k be ((-8)/(-3))/(6/(-27)). Let z(x) = -7*x - 6. Let a be z(-4). Let y = a + k. Calculate the greatest common divisor of 20 and y.
10
Let v be 0*((-3)/2)/(-3). Suppose -3*a = -a - 18. Suppose -b + v = -a. What is the highest common factor of b and 18?
9
Let h = -170 - -296. Let t(b) = 3*b**2 - 3*b - 4. Let x be t(3). Calculate the greatest common factor of h and x.
14
Suppose 5*u = -4*r + 3*u + 14, 3*r - u = 3. Let f(v) = -v**2 - 5*v + 2. Let j be f(-6). Let l be r/j + 74/4. What is the highest common divisor of 36 and l?
18
Suppose 30*s + v = 32*s - 1, 5*s - 1 = 3*v. Let q(h) = -h**3 - 3*h**2 + 2*h - 2. Let f be q(-4). What is the greatest common divisor of s and f?
2
Let m = -34 - -35. Calculate the greatest common factor of 8 and m.
1
Let a be ((-10)/8*4)/(-1). Let t(h) = 3*h**2 + 4*h + 3. Let w be t(5). Let q = w - 63. Calculate the greatest common divisor of q and a.
5
Let u = -139 + 142. Calculate the greatest common divisor of u and 21.
3
Suppose 5*m - 17 = 23. Let t = -3 + 7. What is the highest common divisor of t and m?
4
Let m be (9/(-6))/(3/(-66)). What is the highest common factor of m and 22?
11
Let r(q) = -20*q**3 - 2*q - 1. Let w be r(-1). Calculate the greatest common factor of 7 and w.
7
Let r = -7 + 12. Suppose 0 = -r*i + 81 + 144. What is the greatest common factor of i and 30?
15
Let s be 42/4*(-8)/(-6). Let t be (15/(-5))/(4/(-56)). Calculate the greatest common factor of s and t.
14
Suppose 2*p + 2*n + 6 = -0*n, 0 = 3*p + 4*n + 13. Let f be (4 - 3)*0 + p. What is the greatest common divisor of f and 11?
1
Let l be -2 + -13*(2 - (0 + 3)). Let n = 372 + -251. What is the greatest common divisor of l and n?
11
Suppose 6*h - c = 5*h + 276, 0 = 3*h - c - 836. Calculate the greatest common factor of 35 and h.
35
Suppose -5*b + 41 = f, -2 = 3*f - 5*f. Let p = 144 + -72. What is the greatest common factor of b and p?
8
Suppose 0 = 13*s - 726 - 2290. What is the highest common factor of 29 and s?
29
Suppose -2*t + 3*v = -330, 8*t - 4*t - 4*v - 664 = 0. What is the highest common factor of 24 and t?
24
Let l(b) = -b**2 + 3*b. Let v be l(6). Let f be ((-12)/v)/((-4)/(-450)). What is the highest common divisor of f and 30?
15
Let y(x) be the second derivative of x**5/20 + 7*x**4/6 - x**3/3 + 2*x**2 - 3*x. Let z be y(-14). What is the highest common factor of 4 and z?
4
Suppose -6*k + 120 = 4*k. What is the highest common divisor of k and 3?
3
Let a be (2 - 1)/(4/96). Let q(n) = n**3 - 6*n**2 + 5*n + 6.